 107 - 43 + m**2 - 2*m - 44. Determine a(0).
20
Let n(b) be the second derivative of -3*b**5/20 + b**3/6 + 4*b - 6. What is n(1)?
-2
Let g(n) be the first derivative of 5*n**4/4 + 2*n**3/3 - n + 9. Suppose -70 = -2*i + i. Let b be (-3)/4 - i/(-40). What is g(b)?
6
Let i(g) be the second derivative of -g**4/12 + g**3 - g**2/2 + g. Let t = -3758 - -3764. Calculate i(t).
-1
Let q be (5 + -3)/(2 + -1). Let d(p) = -1. Let j(i) = i + 2. Suppose 2*s + 6 = 4*u, -4*u = -2*u - 3*s - 5. Let o(b) = u*j(b) + 4*d(b). Give o(q).
0
Suppose 0*f - 2*f = -2*k + 8, 4*f - 2 = k. Suppose -5*p + 9 = -k. Let o(r) = -p + 4 + r + 0 + 0. What is o(4)?
5
Let a(y) be the second derivative of y**3/3 - 4*y**2 - 3*y. Let v(m) = 2*m - 7. Let g(o) = 3*a(o) - 2*v(o). Let j be g(8). Let f(r) = -2*r + 4. Determine f(j).
-8
Let p(y) = y - 9. Let f be (-9)/(4/2 + -7)*5. Give p(f).
0
Let v = -21 + 24. Let k(o) = -4*o - 5*o + v - 4*o - o**2 + 12*o. Calculate k(0).
3
Let s(m) = -m**3 - 8*m**2 + 10*m + 4. Let p = -387 + 378. Give s(p).
-5
Suppose 4*m = -4*x + 20, 0 = 2*x + 2*x - 5*m - 65. Let q(s) = -x*s - 4*s + 2 + 6*s + 11*s. Let z = -5 - -3. Give q(z).
-4
Let f(v) = 3*v**3 + v**2 + 7*v. Let x(d) = 8*d**3 + d**2 + 21*d - 1. Let r(z) = 11*f(z) - 4*x(z). Determine r(-8).
-4
Suppose 0 = 3*k - 4*r + 6, 0 = -2*k - 2*r + 4 - 22. Let v be (0 - k - 4) + 0. Let x(j) = 2 - 6*j + j**v + 6 - 5. Calculate x(4).
-5
Let z be (0 - 2)*9/(-6). Let k(f) = 2 + 3 + 0 - f + f**2 - 4. Let a(l) = -2*l**2 - 3*l - 4. Let m(x) = a(x) + 3*k(x). Determine m(z).
-10
Suppose 2*m + 1 = p, -p + 25 = 4*p. Suppose 14 = -2*y + m. Let j = -6 - y. Let o(i) = -i + 4. Determine o(j).
4
Let k(y) be the third derivative of y**6/120 - 7*y**5/60 + 3*y**4/8 - 8*y**3/3 + y**2. Let b be k(6). Let v(a) = -3*a - 2. What is v(b)?
-8
Suppose 3*a = 2*z + 20, 0 = a - 0*z + 3*z - 25. Suppose 2*w - a = -x - 2*x, 4*x = 0. Let t(b) = -b**2 + 7*b + 5. Calculate t(w).
15
Let w(s) = 3*s - 1 + s - s**2 - 3*s + 3*s. Let f be w(3). Suppose -8 = -3*l + 4*r, 0*l - f*l + 2 = -r. Let m(d) = -d**3 - d**2 + d - 9. Calculate m(l).
-9
Let g(v) = -3*v + 28 - 91 + 47. Calculate g(-6).
2
Let p(y) = 75 + 77 + 76 - 4*y**2 - 227. Give p(1).
-3
Let g = 11 - 5. Let o be g/4 - (-55)/10. Let l(v) = -v**2 - o - 5*v + 7 + v. Calculate l(-3).
3
Let v(g) = g**3 - 12*g**2 + 22*g - 16. Let o be (52/(-91))/(4/(-70)). What is v(o)?
4
Let p(v) be the third derivative of -5*v**4/24 - 29*v**3/6 - 198*v**2. Let u(f) = -3*f + f + 0 - 10. Let m(x) = -6*p(x) + 17*u(x). Calculate m(3).
-8
Suppose 5*z - 5 = 10. Let x(i) = 17*i - z - 18*i - 2. Let d(a) = 3*a + 14. Let n(o) = -2*d(o) - 7*x(o). Calculate n(-5).
2
Suppose 40*h = 41*h. Let q(r) = 2*r + 8. Give q(h).
8
Let n be 4 + 0*5/20. Suppose -4*s - 4*d - 8 = 0, n*s + 2 = d + d. Let u(x) = 6*x - 1. Determine u(s).
-7
Let z(l) be the third derivative of -l**7/2520 + l**6/360 + l**5/60 - l**2. Let j(d) be the third derivative of z(d). Suppose 0 = 4*q - 0 + 8. What is j(q)?
6
Let c(n) = -n**2 - n + 28. Let f(d) = -5*d**2 - 27*d - 10. Let z be f(-5). Give c(z).
28
Let f(o) be the third derivative of -o**6/120 - o**5/60 + o**4/12 + o**3/3 - 140*o**2. Calculate f(-1).
0
Let m(s) be the second derivative of s**4/12 - 5*s**3/6 + 3*s**2/2 + s + 53. Give m(5).
3
Let r(j) = 5*j**2 - j - 20. Let n(t) = 7*t**2 - t - 22. Let c(h) = -2*n(h) + 3*r(h). Let w(g) = g - 1. Let z be w(1). Calculate c(z).
-16
Let p = -675 - -661. Let d(v) = 2*v + 23. Give d(p).
-5
Let n(f) = 5*f. Suppose 0 = 22*p + 22 + 22. What is n(p)?
-10
Let b(v) = -7*v**3. Suppose 144 = 8*m - 4*m. Let r = 37 - m. Calculate b(r).
-7
Let i = -276 + 467. Let s(t) = t - t - t - 192 + i. Let z(x) = -8*x - 9. Let u(v) = 14*s(v) - 2*z(v). Give u(-5).
-6
Let x(r) = r**2 - 7*r + 14. Let s be x(4). Suppose 0*a + 6 = a + p, -s*p = 3*a - 14. Let c(n) = 10 - 5 + 2*n**a - 6 + 5*n - n**2. What is c(-6)?
5
Let g(z) be the first derivative of -z**2 + 36*z + 44. What is g(17)?
2
Let d(a) = a**3 - 7*a**2 + 5*a + 7. Let o be 0 - (-5 + -3 - -1). Let l = o + 10. Let s = l + -11. Calculate d(s).
1
Let l(h) = 1 + 17*h - 26*h + 0 - h**2 + 4. What is l(-7)?
19
Let z(l) be the second derivative of -l**8/6720 + l**7/1260 + l**6/720 - l**5/120 - 13*l**4/12 + 6*l. Let s(d) be the third derivative of z(d). Give s(2).
1
Let g(n) = n**3 - 9*n**2 - 15*n + 11. Let q be (-10)/(-6)*(4 + (0 - -2)). Give g(q).
-39
Let u(h) = h**2 - 7*h + 7. Suppose -548*t - 14 = -550*t. Determine u(t).
7
Let n(b) = 38*b - b**3 + 4112 - 2*b**2 - 4110 - 26*b. Calculate n(-5).
17
Let o(j) = -j + 8*j - 3*j. Let z be (-3 + 38)*12/(-10). Let g = 44 + z. What is o(g)?
8
Let u(f) = f. Let w be u(4). Let k(j) be the second derivative of j**3/2 - 9*j**2/2 + 3*j. Let s be k(w). Let p(x) = x**3 - 2*x**2 - 2*x. Calculate p(s).
3
Let h(p) = 2*p**3 + 2*p**2 + 13*p + 11. Let s(a) = a**3 + a**2 + 7*a + 6. Let t(b) = -6*h(b) + 11*s(b). Calculate t(-2).
6
Let x(n) = n**2 + 5*n - 1. Let y(f) = -6*f**2 - 25*f + 7. Let q(u) = 11*x(u) + 2*y(u). Calculate q(-5).
-47
Let o(g) be the first derivative of -g**4/8 + 11*g**2/2 - 17. Let h(i) be the second derivative of o(i). Let w(p) = -p**2 - 3. Let r be w(0). Give h(r).
9
Suppose -3*s - 10 = -5*s. Let q = s - 3. Let u(t) = 0*t**2 - t - 5 - t**q + 0*t**2 + 3. Give u(-4).
-14
Let r(i) = i**2 - 6*i + 4. Let d(p) be the first derivative of -p**4/4 + 5*p**3 + 17*p**2/2 - 13*p + 21. Let n be d(16). Determine r(n).
-5
Let i(d) be the third derivative of d**7/5040 - d**6/360 + d**5/10 - 27*d**2. Let y(p) be the third derivative of i(p). Give y(2).
0
Suppose -4*x + 4*h + 20 = 0, -2*x + 2*h + h + 8 = 0. Let a(g) = 1 - x*g**2 + 151*g + 1 - 149*g. What is a(2)?
-22
Let q(w) = 20*w**2 + 11*w + 11. Let y(i) = 1 + 5*i**2 + 2 + 21*i - 18*i. Let s(k) = 6*q(k) - 22*y(k). Give s(-1).
10
Let p(o) = o**2. Let q(d) = -6*d**2 - 5*d - 7. Let v(j) = 5*p(j) + q(j). Suppose 4*w = -w - 3*r + 81, -15 = 5*r. Let i = 13 - w. Give v(i).
-7
Let x = 11 + -1. Suppose -6*f - x = -11*f. Let a(b) = -6*b**2 + 14*b - 6. Let p(v) = 2*v**2 - 5*v + 2. Let w(r) = -6*a(r) - 17*p(r). What is w(f)?
12
Let n(h) = h**3 - 1. Let w = -35 - -48. Suppose -w*i - i = 0. Calculate n(i).
-1
Let r(u) = u**2 - 25*u - 7. Let m be 17 - -2 - (-7 - (3 + -4)). Calculate r(m).
-7
Let c(w) be the first derivative of w**5/60 - 3*w**4/8 - 5*w**3/6 - 43*w**2/2 + 2*w + 9. Let v(x) be the second derivative of c(x). Give v(9).
-5
Suppose -4*s - 199 = -215. Let m(y) = -3*y + 9. What is m(s)?
-3
Let y(m) = m**3 + 6*m**2 + 5*m - 2. Suppose -2*n - n + 3 = 0. Let q = n - -1. Suppose -2*u + 4*u = -q*l - 10, -3*l - 2*u = 15. Determine y(l).
-2
Let z(m) = 3*m**2 + 2*m**2 - 10*m**2 + 4*m**2 + 9*m + 7. Let b be z(9). Let k(q) = 2 - 1 + 5 - 3*q**3 + 2*q**3 + b*q**2 - 7*q. Give k(6).
0
Let k(u) = -u**2 + 4*u - 3. Let y = -64 - -61. Let h(f) = -f + 5. Let x be h(-3). Let o = x + y. Calculate k(o).
-8
Let f(y) = y**2 + 1. Let d be f(1). Let l(m) = 3*m - 2*m - 6 - 2*m**2 + 7*m + m**d. Calculate l(5).
9
Let d(m) = m**3 + 44*m**2 + 37*m - 254. Let y be d(-43). Let x(s) = 6*s + 2*s + 2 - 2*s**2 - 3*s. Determine x(y).
-10
Let u(j) = -j**2 + 2*j + 2. Let q be (3/4)/((-60)/(-160)). Give u(q).
2
Let c(r) = -r**2 + 8*r - 5. Suppose 0 = -2*h + 3*h. Suppose h = -3*g - 14 + 41. Let d be 30/g*36/20. Give c(d).
7
Let q(y) = -y**3 - 5*y**2 - 4*y + 1. Let g(a) = -3*a**3 + 102*a - 114*a - 19*a**2 + 4*a**2 + 2. Let u(n) = 3*g(n) - 8*q(n). Give u(-2).
-6
Let r(p) = -p**3 + 7*p**2 - 8*p - 2. Let f be (3 - 7) + 8 - (8 - 10). Calculate r(f).
-14
Suppose 0 = 3*w - 6. Let k(v) = -4*v + 23. Let r(t) = 2*t - 11. Let b(u) = w*k(u) + 5*r(u). Let q be (7095/105)/11 + ((-4)/(-2))/(-14). Give b(q).
3
Let r(f) = f**3 - 5*f**2 - 6*f + 7. Let t(m) = m**2 - 8*m + 8. Let o be t(8). Suppose -5*l - 1 = 4*c - o, -5*c - 1 = 3*l. Suppose 7*w = l*w + 24. What is r(w)?
7
Let i(g) be the second derivative of 2*g**3/3 - 10*g**2 + 36*g. What is i(5)?
0
Let t(j) = 4*j + 3. Let z be 3 - (-5 + (-20)/(-2)). Give t(z).
-5
Suppose 6*f = 9*f + 201. Let v = f + 67. Let o(q) be the third derivative of q**5/60 + q**4/24 - q**2. Calculate o(v).
0
Suppose 14 = -4*a - 2*m + m, 15 = -3*a - 3*m. Let t = a + 7. Let p(d) = d**2 - d - 5. Give p(t).
7
Let r(a) = 3 - 5 + 3 + 4 - a. Give r(0).
5
Let y(s) = -4 + s**2 + 7*s + 2*s - 2*s - s. Let i be (-5)/15 - 